n 5868 is divided by 96.
12
What is the remainder when 8703 is divided by 38?
1
Calculate the remainder when 50021 is divided by 9992.
61
Calculate the remainder when 5445 is divided by 691.
608
Calculate the remainder when 81879 is divided by 757.
123
Calculate the remainder when 21152 is divided by 41.
37
What is the remainder when 891 is divided by 267?
90
What is the remainder when 26752 is divided by 351?
76
What is the remainder when 7150 is divided by 3557?
36
What is the remainder when 11421 is divided by 1621?
74
What is the remainder when 327868 is divided by 47?
43
Calculate the remainder when 390030 is divided by 16.
14
What is the remainder when 1279 is divided by 68?
55
Calculate the remainder when 245567 is divided by 30.
17
Calculate the remainder when 1109554 is divided by 554771.
12
What is the remainder when 1254 is divided by 90?
84
Calculate the remainder when 2796 is divided by 14.
10
Calculate the remainder when 39960 is divided by 39909.
51
What is the remainder when 265957 is divided by 242?
241
Calculate the remainder when 2051 is divided by 584.
299
What is the remainder when 18379 is divided by 242?
229
Calculate the remainder when 27395 is divided by 527.
518
Calculate the remainder when 28653 is divided by 3.
0
What is the remainder when 12858 is divided by 415?
408
Calculate the remainder when 377549 is divided by 62923.
11
Calculate the remainder when 6317 is divided by 98.
45
Calculate the remainder when 14927 is divided by 1150.
1127
What is the remainder when 140522 is divided by 46737?
311
What is the remainder when 147537 is divided by 191?
85
Calculate the remainder when 4293 is divided by 273.
198
What is the remainder when 370267 is divided by 391?
381
What is the remainder when 14273 is divided by 185?
28
What is the remainder when 212974 is divided by 3435?
4
Calculate the remainder when 2701 is divided by 468.
361
What is the remainder when 16033 is divided by 223?
200
What is the remainder when 5548 is divided by 1374?
52
Calculate the remainder when 291 is divided by 59.
55
Calculate the remainder when 3813 is divided by 233.
85
Calculate the remainder when 15667 is divided by 7800.
67
What is the remainder when 3382 is divided by 3127?
255
What is the remainder when 850 is divided by 311?
228
What is the remainder when 51856 is divided by 851?
796
What is the remainder when 12924 is divided by 3224?
28
Calculate the remainder when 23022 is divided by 1047.
1035
Calculate the remainder when 2902 is divided by 210.
172
Calculate the remainder when 328546 is divided by 127.
124
Calculate the remainder when 349732 is divided by 619.
616
Calculate the remainder when 2950 is divided by 2949.
1
Calculate the remainder when 1050 is divided by 5.
0
Calculate the remainder when 43346 is divided by 77.
72
Calculate the remainder when 1974 is divided by 533.
375
What is the remainder when 2543097 is divided by 512?
505
Calculate the remainder when 425878 is divided by 425861.
17
Calculate the remainder when 1976 is divided by 432.
248
What is the remainder when 4375 is divided by 63?
28
What is the remainder when 4610 is divided by 654?
32
What is the remainder when 33095 is divided by 298?
17
What is the remainder when 9214 is divided by 18?
16
Calculate the remainder when 1819 is divided by 232.
195
Calculate the remainder when 1782 is divided by 38.
34
What is the remainder when 8466 is divided by 55?
51
Calculate the remainder when 665638 is divided by 12.
10
What is the remainder when 21949 is divided by 261?
25
Calculate the remainder when 681 is divided by 177.
150
What is the remainder when 15549 is divided by 2221?
2
What is the remainder when 7071 is divided by 60?
51
What is the remainder when 881 is divided by 42?
41
Calculate the remainder when 234012 is divided by 56.
44
Calculate the remainder when 134921 is divided by 33727.
13
What is the remainder when 205083 is divided by 20507?
13
What is the remainder when 104157 is divided by 38?
37
What is the remainder when 53588 is divided by 339?
26
What is the remainder when 696031 is divided by 4?
3
What is the remainder when 15127 is divided by 1889?
15
What is the remainder when 3598 is divided by 1732?
134
What is the remainder when 33568 is divided by 39?
28
Calculate the remainder when 30634 is divided by 152.
82
Calculate the remainder when 6077 is divided by 190.
187
Calculate the remainder when 16812 is divided by 202.
46
What is the remainder when 107635 is divided by 26903?
23
Calculate the remainder when 22543 is divided by 662.
35
Calculate the remainder when 2437 is divided by 487.
2
Calculate the remainder when 2471 is divided by 350.
21
What is the remainder when 103548 is divided by 66?
60
What is the remainder when 261268 is divided by 37321?
21
What is the remainder when 7798 is divided by 166?
162
Calculate the remainder when 6449 is divided by 365.
244
What is the remainder when 5625 is divided by 77?
4
What is the remainder when 47468 is divided by 22?
14
What is the remainder when 1727833 is divided by 4?
1
What is the remainder when 238559 is divided by 120?
119
Calculate the remainder when 12432 is divided by 1381.
3
Calculate the remainder when 1092 is divided by 139.
119
Calculate the remainder when 1820 is divided by 186.
146
Calculate the remainder when 5085 is divided by 2199.
687
Calculate the remainder when 3415 is divided by 48.
7
What is the remainder when 29083 is divided by 331?
286
Calculate the remainder when 69312 is divided by 235.
222
What is the remainder when 2619626 is divided by 13?
9
Calculate the remainder when 178621 is divided by 64.
61
What is the remainder when 11850 is divided by 3731?
657
Calculate the remainder when 7849 is divided by 2611.
16
What is the remainder when 18028 is divided by 88?
76
Calculate the remainder when 253915 is divided by 546.
25
What is the remainder when 20992 is divided by 6973?
73
Calculate the remainder when 4075 is divided by 376.
315
Calculate the remainder when 17074 is divided by 5.
4
What is the remainder when 3906 is divided by 774?
36
What is the remainder when 42018 is divided by 38?
28
What is the remainder when 32505 is divided by 1047?
48
What is the remainder when 3145 is divided by 13?
12
Calculate the remainder when 11333 is divided by 135.
128
Calculate the remainder when 779765 is divided by 507.
506
What is the remainder when 44010 is divided by 6286?
8
Calculate the remainder when 47208 is divided by 696.
576
What is the remainder when 671671 is divided by 16?
7
What is the remainder when 10333 is divided by 528?
301
What is the remainder when 4208 is divided by 140?
8
What is the remainder when 10681 is divided by 100?
81
Calculate the remainder when 24166 is divided by 732.
10
Calculate the remainder when 26126 is divided by 184.
182
Calculate the remainder when 8627 is divided by 8531.
96
What is the remainder when 958 is divided by 22?
12
Calculate the remainder when 50312 is divided by 1290.
2
Calculate the remainder when 2965 is divided by 201.
151
Calculate the remainder when 3227 is divided by 12.
11
Calculate the remainder when 1802 is divided by 425.
102
Calculate the remainder when 1749 is divided by 25.
24
Calculate the remainder when 15623 is divided by 114.
5
What is the remainder when 167487 is divided by 339?
21
Calculate the remainder when 64245 is divided by 9177.
6
What is the remainder when 93193 is divided by 39?
22
Calculate the remainder when 7655 is divided by 599.
467
What is the remainder when 62938 is divided by 6992?
10
Calculate the remainder when 48548 is divided by 12137.
0
What is the remainder when 135108 is divided by 44969?
201
What is the remainder when 12954 is divided by 6263?
428
Calculate the remainder when 33507 is divided by 228.
219
Calculate the remainder when 224532 is divided by 857.
855
Calculate the remainder when 26620 is divided by 43.
3
Calculate the remainder when 780 is divided by 272.
236
Calculate the remainder when 25355 is divided by 1271.
1206
Calculate the remainder when 99370 is divided by 3680.
10
What is the remainder when 34154 is divided by 11367?
53
What is the remainder when 67526 is divided by 47?
34
What is the remainder when 25868 is divided by 355?
308
Calculate the remainder w